s the tens digit of 2 + 27*(f - -2)?
2
Let h(i) = 5*i**2 - 7*i + 64. Let k(z) = -12*z**2 + 15*z - 127. Let q(j) = 5*h(j) + 2*k(j). What is the hundreds digit of q(15)?
2
Let c(v) = 287*v + 6666. What is the thousands digit of c(36)?
6
Suppose -24*b + j + 63317 = -19*b, -2*b + 4*j = -25298. What is the thousands digit of b?
2
Suppose -11382 - 4446 = -12*d. Let r = d + -107. What is the hundreds digit of r?
2
Let n be (-1)/(34/(-8) + 4). Let f(y) = -2*y**2 + 6*y + 8. Let b be f(n). What is the tens digit of (15 - 0/(-4)) + b?
1
Suppose -4*z + 5*t + 27187 = 0, 0 = -2*z - 99*t + 104*t + 13581. What is the thousands digit of z?
6
Let x = 166 - 181. What is the units digit of 3/x + 44/20?
2
What is the thousands digit of ((-486)/36 + 13)*(-77766)/3?
2
Suppose 45*f - 32*f = 39. What is the tens digit of ((-2)/f)/2 - 20584/(-93)?
2
Let r be (3 - (8 - 7)) + 1/(-1). What is the tens digit of 7 - 270/(-2 + r)?
7
Let g = 36878 + 18589. What is the thousands digit of g?
5
Suppose 3*g - 3840 = -2*y, -5*g + 84*y + 6400 = 81*y. What is the units digit of g?
0
Let r(k) = -30*k + 3. Let a(m) = -300*m + 30. Let b(o) = -2*a(o) + 21*r(o). Let n(l) = 2*l**2 - 76*l + 73. Let w be n(37). What is the units digit of b(w)?
3
Let d(a) = -a + 13. Let y be d(15). Let r be (y/(-4))/(((-25)/(-2340))/5). Suppose -4*q = -2*l - 312, -2*q + 5*q - r = l. What is the tens digit of q?
7
Let c = 28 - 32. Let p be 340*((0 - c) + -3). Suppose -6*h + h = -p. What is the units digit of h?
8
Let r be (3/5)/(4*(-6)/(-3240)). Let s = r + -80. Let q(o) = 49*o - 5. What is the units digit of q(s)?
4
Suppose -86*u - 3676959 = -244*u + 6818507. What is the hundreds digit of u?
4
Let f(s) = 4*s**3 - s**2 + 3*s. Suppose -22 + 1 = -7*b. Let j be f(b). What is the hundreds digit of (j/(-10))/((-4)/40)?
1
Suppose h = 7*h + 1608. Let m = h - -632. What is the units digit of m?
4
Let n(g) = 8*g - 2. Let u be n(11). Let d be (9 + u)*12/(-5). What is the tens digit of (10/(-3) + 3)*d?
7
Let s be -4 - -3*(-2 - -5). Suppose -7 = k + s*p, -3*k + 3*p = -p + 2. What is the units digit of 60 - (1 - (0 + k))?
7
Suppose -515457 = -3295*g + 3268*g. What is the tens digit of g?
9
Let z(o) = -o**3 + 43*o**2 + 33*o - 155. What is the tens digit of z(29)?
7
Let u(x) be the second derivative of x**5/20 - x**4/4 + x**3 + 7*x**2 + x - 14. What is the units digit of u(6)?
8
Let q(p) = -2*p**3 - 65*p**2 + 161*p + 53. What is the thousands digit of q(-36)?
3
Let c = -111 - -191. Let d be 6/(-8)*(7 - 3) + c. Let u = d + 29. What is the hundreds digit of u?
1
Suppose -791 = -11*v + 1849. Suppose -1832 = -4*a + v. What is the units digit of a?
8
Suppose 96*g + 15 = 99*g. Suppose 10*i - g*i + 2*p - 25 = 0, 5*i = -p + 30. What is the units digit of i?
7
Suppose -44 = -8*d - 12. Suppose 12*i - 8*i = 2*j + 390, -3*j - 389 = -d*i. What is the units digit of i?
8
Suppose 1308*o - 1313*o + f = -72258, -28908 = -2*o - 2*f. What is the hundreds digit of o?
4
Suppose -55*s = -40*s - 58620. What is the tens digit of s?
0
Let v = 676 + -673. Suppose -2*q + 0*g = v*g - 2994, -q + g + 1497 = 0. What is the thousands digit of q?
1
Let n(q) = 4*q**2 + 4*q + 60. Let v = 94 + -82. What is the hundreds digit of n(v)?
6
Let z(j) = 3144*j - 3798. What is the tens digit of z(13)?
7
Let l(m) = 2538*m - 4137. What is the ten thousands digit of l(8)?
1
Let u be ((-22)/6)/(2/(-42)). Let a = -948 + 914. Let r = a + u. What is the tens digit of r?
4
Suppose 4*o - 145622 = 2*x, -10*o - 3*x = -11*o + 36418. What is the units digit of o?
3
Suppose 3*k + 4*b = -5008, 3*k - 5*b = 890 - 5862. Let d = -430 - k. What is the hundreds digit of d?
2
Let d(g) = -19*g**2 + 2*g + 1. Let f be d(1). Let v(r) = -r - 13. Let y be v(f). Suppose -y*j = -426 + 129. What is the units digit of j?
9
What is the thousands digit of (4 + (2 - -186))/((-14)/(-532))?
7
What is the thousands digit of ((-1474)/(-3) + -2 + 2)/(1179/10611)?
4
Suppose -19*q + 55*q - 2108668 = -43*q. What is the units digit of q?
2
Let l be (-526)/(-1 - (-3 + 0 - -4)). Let h = 99 - l. What is the units digit of -5 - h*(4 + -3)?
9
Let b be (-30)/(10/(-2)) + 1. Suppose b*a - 3740 = 2406. What is the units digit of a?
8
Let j be (32/12)/(14/21). Suppose -j*n - 1008 = -4*r, 3*r - 2*n + 4*n - 766 = 0. What is the units digit of r?
4
Let d be (44/12)/((-3)/207). Let s = d + 400. What is the hundreds digit of s?
1
Suppose 11*f - 114 + 26 = 0. Suppose 0 = 4*d + f*d - 6336. What is the units digit of d?
8
Suppose -3*d + 9 = -0*d. Let c(b) = -11*b - d*b - 3*b + 3. What is the units digit of c(-5)?
8
Suppose 5*o - 9*o + 76 = 5*y, -4*o = y - 92. What is the hundreds digit of 3/(-2*o/(-11056))?
6
Suppose 0 = -287*f + 305*f - 37404. What is the thousands digit of f?
2
Let z(h) = 5*h + 94. Let d = -11 + 14. Let a be 0*(1/d)/(3/9). What is the units digit of z(a)?
4
Suppose 8*p - 3*o = 54882, -3*o - 9170 = 2*p - 22898. What is the tens digit of p?
6
Let f(h) = -h**2 + 30*h - 121. Let s be f(5). Let o = -13 + 18. Suppose -241 = -3*x - w + 12, -417 = -o*x - s*w. What is the units digit of x?
5
Suppose 4*w - 587 = 673. Suppose 2*b = b + w. What is the units digit of b?
5
Let r(z) = -z - 9*z - z + 42. Suppose 0 = 437*f - 385*f + 416. What is the hundreds digit of r(f)?
1
Suppose 3*t = -1324 + 394. Suppose 2*i - 346 = 4*i. Let s = i - t. What is the hundreds digit of s?
1
Let n(d) = 3790*d - 20. Let c be n(1). Suppose c = 5*r + 5*u, 2*r + 5*u - 374 = 1119. What is the tens digit of r?
5
Let a = 465 - 328. Suppose 1178 - a = 3*v. What is the hundreds digit of v?
3
Let n(w) = w**3 + 6*w**2 - 7*w + 12. Let a(p) = p**2 - p. Let u(d) = a(d) - n(d). Let l be u(-6). What is the tens digit of (-1)/(-6) + (-382)/l?
3
Suppose 0 = 230*h - 247*h + 1338563. What is the ten thousands digit of h?
7
Suppose -5*r + 0*r - 3*p = 2, -r = -4*p - 18. Let k be (r + 0)/4 + 195/30. Suppose -12 = k*d - 712. What is the tens digit of d?
0
What is the thousands digit of (987/(-6) + 2)/(((-21)/(-7))/(-468))?
5
Suppose 4*w = -3*v + 72017, -34 = -3*v - 49. What is the tens digit of w?
0
Let k = 27 - 157. Let b = k - -130. Suppose b = c - 117 - 83. What is the hundreds digit of c?
2
Suppose 0 = -3*p + r + 190 - 56, 0 = 4*p + 3*r - 183. Suppose 9 = 9*w + p. Let h(m) = -32*m + 12. What is the hundreds digit of h(w)?
1
Suppose 85*s = 1610298 + 2851862. What is the units digit of s?
6
Suppose -15*z - 18*z = -30*z. Suppose -159*x + 166*x - 1666 = z. What is the hundreds digit of x?
2
Let h be (-2636 + -6)/((-4)/(-2)). Let q = -1374 + h. What is the tens digit of ((-2)/5)/(11/q)?
9
Let r(o) be the third derivative of o**4/24 + 4*o**3/3 + 16*o**2. Let y be r(-4). Suppose -20 + 0 = y*t, -3*q + 4*t = -173. What is the tens digit of q?
5
Suppose 0 = 2*u - 3*h - 270, 2*u + 2*h - 271 = 19. Let n = -11 + u. What is the tens digit of n?
3
Let r(g) = g**3 - 3*g**2 - 12*g - 12. Let j be r(6). Let h = -22 + j. Suppose -l - 3*l - p = -466, h*l = -p + 234. What is the units digit of l?
6
Let c be 26/(3*8/(-1308)). Let b = -964 - c. What is the units digit of b?
3
Let q = -9383 + 19798. What is the tens digit of q?
1
Let z(b) = 4*b**2 + b - 4. Let x be z(-2). Suppose 3*o - o + 3*j - x = 0, -12 = -3*o - 3*j. What is the units digit of ((-9)/3)/(o/(-60))?
0
Let z be (2 + (-750)/4)/((-12)/72). Let d = -666 + z. What is the tens digit of d?
4
Let v be 5*(8 - 9) - (3 - 10). Suppose -1196 = -2*b + 4*m, 4*m = -v*b - 0*m + 1180. What is the hundreds digit of b?
5
Let o = 17857 + -6717. What is the hundreds digit of o?
1
Let q(c) = c**3 - 11*c**2 + 9*c + 10. Let l be q(10). Let b(w) be the second derivative of w**3/6 + 177*w**2/2 - 251*w. What is the tens digit of b(l)?
7
Suppose -b - 3 = n, -5*n - 4*b - 1 - 9 = 0. Suppose k = -n*s + 8, -s = 4*k - 27 - 5. What is the units digit of k?
8
Let s(b) = -b**3 + b**2 - b - 13. Let o = 320 - 326. What is the tens digit of s(o)?
4
Let u = 5797 + -8297. Let w = u + 4087. What is the tens digit of w?
8
Let v(b) = 10*b**2 + 40*b - 302. What is the tens digit of v(17)?
6
Suppose 23*c + 128832 = 45*c. What is the units digit of c?
6
Let s be ((-1467)/(-18) + -2)*8/2. Suppose 2*k = -s + 2696. What is the units digit of k?
9
Suppose -32*t + 104*t - 1395504 = 0. What is the units digit of t?
2
Suppose 1696 = -7*p + 9*p. Let m = p - 164. What is